{"id":73,"date":"2016-03-16T19:40:45","date_gmt":"2016-03-16T18:40:45","guid":{"rendered":"http:\/\/rydultowy.sl.zhp.pl\/?page_id=73"},"modified":"2016-03-16T19:40:45","modified_gmt":"2016-03-16T18:40:45","slug":"zadania-wspolfinansowane","status":"publish","type":"page","link":"https:\/\/rydultowy.zhp.pl\/index.php\/zadania-wspolfinansowane\/","title":{"rendered":"Zadania wsp\u00f3\u0142finansowane"},"content":{"rendered":"<p><center>Zadania wsp\u00f3\u0142finansowane ze \u015brodk\u00f3w Urz\u0119du Miasta Rydu\u0142towy:<\/p>\n<p><\/center><\/p>\n<ul>\n<li>&#8222;Harcerskie spotkania z histori\u0105 Rydu\u0142t\u00f3w&#8221;<\/li>\n<li>&#8222;Sportowe potyczki&#8221;<\/li>\n<li>&#8222;Muzyka \u0142\u0105czy pokolenia&#8221;<\/li>\n<li>&#8222;Kultura w harcerskim mundurku&#8221;<\/li>\n<li>&#8222;Rajdy zuchowe &#8211; w poszukiwaniu wiosny i zamykanie lasu na zim\u0119&#8221;<\/li>\n<li>&#8222;Ucze\u0144 &#8211; m\u0142ody obywatel&#8221;<\/li>\n<li>&#8222;Weso\u0142e przygody pod b\u0142\u0119kitnym niebem&#8221;<\/li>\n<\/ul>\n","protected":false},"excerpt":{"rendered":"<p>Zadania wsp\u00f3\u0142finansowane ze \u015brodk\u00f3w Urz\u0119du Miasta Rydu\u0142towy: &#8222;Harcerskie spotkania z histori\u0105 Rydu\u0142t\u00f3w&#8221; &#8222;Sportowe potyczki&#8221; &#8222;Muzyka \u0142\u0105czy pokolenia&#8221; &#8222;Kultura w harcerskim<\/p>\n","protected":false},"author":14,"featured_media":0,"parent":0,"menu_order":0,"comment_status":"closed","ping_status":"closed","template":"","meta":{"footnotes":""},"class_list":["post-73","page","type-page","status-publish","hentry"],"_links":{"self":[{"href":"https:\/\/rydultowy.zhp.pl\/index.php\/wp-json\/wp\/v2\/pages\/73","targetHints":{"allow":["GET"]}}],"collection":[{"href":"https:\/\/rydultowy.zhp.pl\/index.php\/wp-json\/wp\/v2\/pages"}],"about":[{"href":"https:\/\/rydultowy.zhp.pl\/index.php\/wp-json\/wp\/v2\/types\/page"}],"author":[{"embeddable":true,"href":"https:\/\/rydultowy.zhp.pl\/index.php\/wp-json\/wp\/v2\/users\/14"}],"replies":[{"embeddable":true,"href":"https:\/\/rydultowy.zhp.pl\/index.php\/wp-json\/wp\/v2\/comments?post=73"}],"version-history":[{"count":1,"href":"https:\/\/rydultowy.zhp.pl\/index.php\/wp-json\/wp\/v2\/pages\/73\/revisions"}],"predecessor-version":[{"id":74,"href":"https:\/\/rydultowy.zhp.pl\/index.php\/wp-json\/wp\/v2\/pages\/73\/revisions\/74"}],"wp:attachment":[{"href":"https:\/\/rydultowy.zhp.pl\/index.php\/wp-json\/wp\/v2\/media?parent=73"}],"curies":[{"name":"wp","href":"https:\/\/api.w.org\/{rel}","templated":true}]}}