{"id":10,"date":"2016-03-16T19:27:56","date_gmt":"2016-03-16T18:27:56","guid":{"rendered":"http:\/\/rydultowy.sl.zhp.pl\/?page_id=10"},"modified":"2026-02-22T14:59:52","modified_gmt":"2026-02-22T13:59:52","slug":"dokumenty-do-pobrania","status":"publish","type":"page","link":"https:\/\/rydultowy.zhp.pl\/index.php\/dokumenty-do-pobrania\/","title":{"rendered":"Dokumenty do pobrania"},"content":{"rendered":"<h4>Festiwal Piosenki Harcerskiej &#8222;Na B\u0142\u0119kicie&#8221;<\/h4>\n<ul>\n<li><a href=\"https:\/\/rydultowy.zhp.pl\/wp-content\/uploads\/2025\/09\/REGULAMIN-XVI-FESTIWALI-PIOSENKI-HARCERSKIEJ-NA-BLEKICIE.pdf\" target=\"_blank\" rel=\"noopener\">Regulamin XVI Festiwalu Piosenki Harcerskiej &#8222;Na B\u0142\u0119kicie&#8221;<\/a><\/li>\n<\/ul>\n<h4>Harcerska Akcja Letnia<\/h4>\n<ul>\n<li><a href=\"https:\/\/rydultowy.zhp.pl\/wp-content\/uploads\/2026\/02\/Karta-uczestnika-HAL-Kostkowice.pdf\" target=\"_blank\" rel=\"noopener\">Karta uczestnika HAL<\/a><\/li>\n<\/ul>\n<h4>Dla Dru\u017cynowych<\/h4>\n<ul>\n<li><a href=\"https:\/\/rydultowy.zhp.pl\/wp-content\/uploads\/2025\/12\/INFORMATOR-PODSTAWOWA-SKLADKA-CZLONKOWSKA.pdf\" target=\"_blank\" rel=\"noopener\">Podstawowa Sk\u0142adka Cz\u0142onkowska ZHP &#8211; INFORMATOR<\/a><\/li>\n<li><a href=\"https:\/\/rydultowy.zhp.pl\/wp-content\/uploads\/2025\/07\/Meldunek-z-dzialalnosci-druzyny.docx\" target=\"_blank\" rel=\"noopener\">Meldunek z dzia\u0142alno\u015bci dru\u017cyny<\/a><\/li>\n<li><a href=\"http:\/\/rydultowy.zhp.pl\/wp-content\/uploads\/2016\/11\/wzor_karty_biwaku.doc\" target=\"_blank\" rel=\"noopener\">Wz\u00f3r karty biwaku<\/a><\/li>\n<li><a href=\"https:\/\/rydultowy.zhp.pl\/wp-content\/uploads\/2025\/12\/ZGODA-OPIEKUNA-PRAWNEGO-NA-BIWAK-WYJAZD.pdf\" target=\"_blank\" rel=\"noopener\">Zgoda opiekuna prawnego na biwak\/wyjazd<\/a><\/li>\n<li><a href=\"http:\/\/rydultowy.zhp.pl\/wp-content\/uploads\/2016\/11\/wzor_plan_pracy.doc\" target=\"_blank\" rel=\"noopener\">Wz\u00f3r planu pracy dru\u017cyny\/gromady<\/a><\/li>\n<li><a href=\"http:\/\/rydultowy.zhp.pl\/wp-content\/uploads\/2016\/11\/regulamin_musztry.doc\" target=\"_blank\" rel=\"noopener\">Regulamin musztry i ceremonia\u0142u harcerskiego<\/a><\/li>\n<li><a href=\"http:\/\/rydultowy.zhp.pl\/wp-content\/uploads\/2016\/11\/wzor_ksiazki_finansowej.doc\" target=\"_blank\" rel=\"noopener\">Ksi\u0105\u017cka finansowa dru\u017cyny<\/a><\/li>\n<li><a href=\"http:\/\/rydultowy.zhp.pl\/wp-content\/uploads\/2016\/11\/ksiazka_inwentarzowa_druzyny.xls\" target=\"_blank\" rel=\"noopener\">Ksi\u0105\u017cka inwentarzowa dru\u017cyny<\/a><\/li>\n<li><a href=\"http:\/\/rydultowy.zhp.pl\/wp-content\/uploads\/2016\/11\/wzor_skladki.doc\" target=\"_blank\" rel=\"noopener\">Wz\u00f3r tabeli przyj\u0119cia sk\u0142adek<\/a><\/li>\n<li><a href=\"http:\/\/rydultowy.zhp.pl\/wp-content\/uploads\/2016\/11\/sprawozdanie_finansowe_druzyny-1.doc\" target=\"_blank\" rel=\"noopener\">Wz\u00f3r sprawozdania finansowego dru\u017cyny<\/a><\/li>\n<li><a href=\"https:\/\/rydultowy.zhp.pl\/wp-content\/uploads\/2025\/07\/lista-uczestnikow.docx\" target=\"_blank\" rel=\"noopener\">Lista uczestnik\u00f3w<\/a><\/li>\n<li><a href=\"https:\/\/rydultowy.zhp.pl\/wp-content\/uploads\/2025\/07\/lista-obecnosci.docx\" target=\"_blank\" rel=\"noopener\">Lista obecno\u015bci<\/a><\/li>\n<li><a href=\"https:\/\/rydultowy.zhp.pl\/wp-content\/uploads\/2025\/07\/Karta-wycieczki.docx\" target=\"_blank\" rel=\"noopener\">Karta wycieczki<\/a><\/li>\n<li><a href=\"https:\/\/rydultowy.zhp.pl\/wp-content\/uploads\/2025\/07\/Plan-wycieczki.docx\" target=\"_blank\" rel=\"noopener\">Plan wycieczki<\/a><\/li>\n<li><a href=\"https:\/\/rydultowy.zhp.pl\/wp-content\/uploads\/2025\/07\/preliminarz.docx\" target=\"_blank\" rel=\"noopener\">Preliminarz<\/a><\/li>\n<\/ul>\n","protected":false},"excerpt":{"rendered":"<p>Festiwal Piosenki Harcerskiej &#8222;Na B\u0142\u0119kicie&#8221; Regulamin XVI Festiwalu Piosenki Harcerskiej &#8222;Na B\u0142\u0119kicie&#8221; Harcerska Akcja Letnia Karta uczestnika HAL Dla Dru\u017cynowych<\/p>\n","protected":false},"author":14,"featured_media":0,"parent":0,"menu_order":0,"comment_status":"closed","ping_status":"closed","template":"","meta":{"footnotes":""},"class_list":["post-10","page","type-page","status-publish","hentry"],"_links":{"self":[{"href":"https:\/\/rydultowy.zhp.pl\/index.php\/wp-json\/wp\/v2\/pages\/10","targetHints":{"allow":["GET"]}}],"collection":[{"href":"https:\/\/rydultowy.zhp.pl\/index.php\/wp-json\/wp\/v2\/pages"}],"about":[{"href":"https:\/\/rydultowy.zhp.pl\/index.php\/wp-json\/wp\/v2\/types\/page"}],"author":[{"embeddable":true,"href":"https:\/\/rydultowy.zhp.pl\/index.php\/wp-json\/wp\/v2\/users\/14"}],"replies":[{"embeddable":true,"href":"https:\/\/rydultowy.zhp.pl\/index.php\/wp-json\/wp\/v2\/comments?post=10"}],"version-history":[{"count":18,"href":"https:\/\/rydultowy.zhp.pl\/index.php\/wp-json\/wp\/v2\/pages\/10\/revisions"}],"predecessor-version":[{"id":2061,"href":"https:\/\/rydultowy.zhp.pl\/index.php\/wp-json\/wp\/v2\/pages\/10\/revisions\/2061"}],"wp:attachment":[{"href":"https:\/\/rydultowy.zhp.pl\/index.php\/wp-json\/wp\/v2\/media?parent=10"}],"curies":[{"name":"wp","href":"https:\/\/api.w.org\/{rel}","templated":true}]}}